r when 116026 is divided by 115739?
287
Calculate the remainder when 104701 is divided by 8682.
517
What is the remainder when 4265293 is divided by 3309?
3301
Calculate the remainder when 2303904 is divided by 100163.
155
What is the remainder when 152129 is divided by 76040?
49
What is the remainder when 155386150 is divided by 9?
7
Calculate the remainder when 2066241 is divided by 1250.
1241
What is the remainder when 12123431 is divided by 10786?
10753
Calculate the remainder when 43335 is divided by 1598.
189
Calculate the remainder when 32863444 is divided by 534.
16
What is the remainder when 2493159 is divided by 498618?
69
What is the remainder when 2538239 is divided by 768?
767
What is the remainder when 27989071 is divided by 876?
871
Calculate the remainder when 1231969 is divided by 352.
321
Calculate the remainder when 143804991 is divided by 21.
15
What is the remainder when 4051184 is divided by 70?
4
What is the remainder when 2293810 is divided by 764447?
469
What is the remainder when 180938 is divided by 1740?
1718
What is the remainder when 1717255 is divided by 2433?
1990
What is the remainder when 40968 is divided by 4070?
268
Calculate the remainder when 3616133 is divided by 904020.
53
What is the remainder when 19188 is divided by 18701?
487
What is the remainder when 3415751 is divided by 2937?
20
What is the remainder when 17893217 is divided by 556?
25
What is the remainder when 1865755 is divided by 103648?
91
What is the remainder when 1261130 is divided by 363?
68
Calculate the remainder when 407685 is divided by 44641.
5916
What is the remainder when 172181412 is divided by 1753?
1752
Calculate the remainder when 21194226 is divided by 1360.
1346
What is the remainder when 1817408 is divided by 259?
5
Calculate the remainder when 30067609 is divided by 365.
4
Calculate the remainder when 2859941 is divided by 571986.
11
What is the remainder when 10287571 is divided by 11?
8
What is the remainder when 1730313 is divided by 53?
22
What is the remainder when 31575335 is divided by 5156?
5147
What is the remainder when 3171462 is divided by 165?
162
What is the remainder when 60873291 is divided by 34?
31
Calculate the remainder when 4957236 is divided by 550801.
27
What is the remainder when 42541773 is divided by 16?
13
What is the remainder when 648061 is divided by 437?
427
Calculate the remainder when 1335987 is divided by 49.
2
Calculate the remainder when 30690007 is divided by 11.
7
What is the remainder when 143110719 is divided by 64?
63
Calculate the remainder when 695602 is divided by 4.
2
Calculate the remainder when 377237 is divided by 360.
317
What is the remainder when 333541 is divided by 339?
304
Calculate the remainder when 3621309 is divided by 335.
294
Calculate the remainder when 294810 is divided by 293217.
1593
What is the remainder when 2332974 is divided by 777497?
483
Calculate the remainder when 9277211 is divided by 81379.
5
What is the remainder when 28241 is divided by 2454?
1247
What is the remainder when 29560202 is divided by 18?
8
What is the remainder when 95005253 is divided by 15631?
35
What is the remainder when 194700 is divided by 27?
3
What is the remainder when 927248 is divided by 25750?
248
What is the remainder when 9360629 is divided by 13971?
59
What is the remainder when 666987 is divided by 14183?
386
What is the remainder when 20019353 is divided by 953302?
11
What is the remainder when 36563682 is divided by 485?
17
What is the remainder when 5352714 is divided by 1709?
126
Calculate the remainder when 34322461 is divided by 910.
901
Calculate the remainder when 8977262 is divided by 1040.
1022
What is the remainder when 417773 is divided by 119?
83
Calculate the remainder when 112157 is divided by 141.
62
Calculate the remainder when 44359389 is divided by 1585.
1579
Calculate the remainder when 1854417 is divided by 927030.
357
Calculate the remainder when 92407 is divided by 3842.
199
What is the remainder when 6868480 is divided by 384?
256
What is the remainder when 332013 is divided by 331960?
53
What is the remainder when 898646 is divided by 52860?
26
Calculate the remainder when 21529638 is divided by 10764808.
22
What is the remainder when 6355535 is divided by 1588846?
151
Calculate the remainder when 252979 is divided by 1874.
1863
What is the remainder when 2089060 is divided by 1044516?
28
What is the remainder when 33441 is divided by 4835?
4431
What is the remainder when 220150 is divided by 219888?
262
Calculate the remainder when 20755447 is divided by 72.
7
What is the remainder when 11215360 is divided by 302?
288
What is the remainder when 12398946 is divided by 146?
42
What is the remainder when 1406822 is divided by 254?
170
Calculate the remainder when 464223 is divided by 121.
67
What is the remainder when 212021 is divided by 45?
26
What is the remainder when 633995 is divided by 133?
117
Calculate the remainder when 1032404 is divided by 342767.
4103
What is the remainder when 30681 is divided by 28564?
2117
What is the remainder when 1415081 is divided by 5693?
3217
What is the remainder when 1258761 is divided by 20979?
21
What is the remainder when 228805 is divided by 228779?
26
Calculate the remainder when 5582769 is divided by 2525.
2519
What is the remainder when 221045 is divided by 77?
55
What is the remainder when 782581 is divided by 870?
451
Calculate the remainder when 189513 is divided by 4073.
2155
What is the remainder when 332282 is divided by 2035?
577
What is the remainder when 47042 is divided by 1069?
6
What is the remainder when 1577636 is divided by 962?
918
Calculate the remainder when 13224 is divided by 2147.
342
What is the remainder when 21170823 is divided by 34?
9
Calculate the remainder when 196093 is divided by 48916.
429
What is the remainder when 18653323 is divided by 8346?
13
What is the remainder when 75188 is divided by 3320?
2148
Calculate the remainder when 4692269 is divided by 53934.
11
Calculate the remainder when 1272885 is divided by 1098.
303
Calculate the remainder when 30150 is divided by 27.
18
What is the remainder when 199385 is divided by 11061?
287
Calculate the remainder when 58954 is divided by 851.
235
Calculate the remainder when 913963 is divided by 26113.
8
What is the remainder when 8491643 is divided by 109?
107
Calculate the remainder when 1088120 is divided by 11700.
20
Calculate the remainder when 24004 is divided by 3443.
3346
Calculate the remainder when 108280 is divided by 256.
248
What is the remainder when 305514949 is divided by 2122?
2121
What is the remainder when 9656050 is divided by 17948?
26
Calculate the remainder when 5940999 is divided by 179.
168
Calculate the remainder when 26612 is divided by 8542.
986
What is the remainder when 12133411 is divided by 10?
1
Calculate the remainder when 4988866 is divided by 13.
12
What is the remainder when 6845151 is divided by 42?
33
Calculate the remainder when 106284 is divided by 84.
24
Calculate the remainder when 109999 is divided by 512.
431
What is the remainder when 13087 is divided by 6490?
107
What is the remainder when 21388616 is divided by 276?
272
Calculate the remainder when 10536796 is divided by 88.
28
Calculate the remainder when 73350059 is divided by 1281.
1280
What is the remainder when 31115045 is divided by 8?
5
Calculate the remainder when 18293220 is divided by 377.
49
What is the remainder when 3983443 is divided by 524?
519
What is the remainder when 6061817 is divided by 192?
185
What is the remainder when 60289 is divided by 4940?
1009
What is the remainder when 24868 is divided by 4762?
1058
What is the remainder when 2191454 is divided by 1095724?
6
Calculate the remainder when 19698673 is divided by 6566155.
208
Calculate the remainder when 13269480 is divided by 167.
161
What is the remainder when 3041022 is divided by 232?
198
What is the remainder when 13797 is divided by 848?
229
What is the remainder when 61892 is divided by 12316?
312
What is the remainder when 1189855 is divided by 623?
548
What is the remainder when 56665979 is divided by 60?
59
Calculate the remainder when 566633 is divided by 141394.
1057
Calculate the remainder when 603342 is divided by 157.
148
What is